{"id":14,"date":"2026-04-05T14:21:17","date_gmt":"2026-04-05T07:21:17","guid":{"rendered":"https:\/\/xx88.mobile\/?page_id=14"},"modified":"2026-04-27T06:49:28","modified_gmt":"2026-04-26T23:49:28","slug":"xx88","status":"publish","type":"page","link":"https:\/\/xx88.mobile\/","title":{"rendered":"XX88"},"content":{"rendered":"\n\t<section class=\"section\" id=\"section_410857137\">\n\t\t<div class=\"section-bg fill\" >\n\t\t\t\t\t\t\t\t\t\n\t\t\t\n\n\t\t<\/div>\n\n\t\t\n\n\t\t<div class=\"section-content relative\">\n\t\t\t\n\t<div class=\"img has-hover x md-x lg-x y md-y lg-y\" id=\"image_1998324533\">\n\t\t\t\t\t\t\t\t<div class=\"img-inner dark\" >\n\t\t\t<img loading=\"lazy\" decoding=\"async\" width=\"1920\" height=\"500\" src=\"https:\/\/xx88.mobile\/wp-content\/uploads\/2026\/04\/banner-xx88.webp\" class=\"attachment-original size-original\" alt=\"Banner xx88\" srcset=\"https:\/\/xx88.mobile\/wp-content\/uploads\/2026\/04\/banner-xx88.webp 1920w, https:\/\/xx88.mobile\/wp-content\/uploads\/2026\/04\/banner-xx88-300x78.webp 300w, https:\/\/xx88.mobile\/wp-content\/uploads\/2026\/04\/banner-xx88-1024x267.webp 1024w, https:\/\/xx88.mobile\/wp-content\/uploads\/2026\/04\/banner-xx88-768x200.webp 768w, https:\/\/xx88.mobile\/wp-content\/uploads\/2026\/04\/banner-xx88-1536x400.webp 1536w\" sizes=\"auto, (max-width: 1920px) 100vw, 1920px\" \/>\t\t\t\t\t\t\n\t\t\t\t\t<\/div>\n\t\t\t\t\t\t\t\t\n<style>\n#image_1998324533 {\n  width: 100%;\n}\n<\/style>\n\t<\/div>\n\t\n\t\t<\/div>\n\n\t\t\n<style>\n#section_410857137 {\n  padding-top: 0px;\n  padding-bottom: 0px;\n}\n<\/style>\n\t<\/section>\n\t\n<h1 style=\"text-align: center;\"><b>XX88 &#8211; \u0110\u00e1nh Gi\u00e1 Chi Ti\u1ebft V\u1ec1 Th\u01b0\u01a1ng Hi\u1ec7u Gi\u1ea3i Tr\u00ed Top 1<\/b><\/h1>\n<p><span style=\"font-weight: 400;\">XX88 \u0111ang tr\u1edf th\u00e0nh t\u00e2m \u0111i\u1ec3m ch\u00fa \u00fd tr\u00ean th\u1ecb tr\u01b0\u1eddng gi\u1ea3i tr\u00ed tr\u1ef1c tuy\u1ebfn ch\u00e2u \u00c1 hi\u1ec7n nay. S\u1ed1 l\u01b0\u1ee3ng ng\u01b0\u1eddi \u0111\u0103ng k\u00fd tham gia n\u1ec1n t\u1ea3ng ng\u00e0y c\u00e0ng t\u0103ng cao nh\u1edd ch\u1ea5t l\u01b0\u1ee3ng d\u1ecbch v\u1ee5 v\u01b0\u1ee3t tr\u1ed9i. Tuy nhi\u00ean, nhi\u1ec1u ng\u01b0\u1eddi v\u1eabn ch\u01b0a n\u1eafm r\u00f5 to\u00e0n b\u1ed9 \u01b0u \u0111i\u1ec3m m\u00e0 th\u01b0\u01a1ng hi\u1ec7u mang l\u1ea1i. N\u01a1i \u0111\u00e2y cung c\u1ea5p nh\u1eefng tr\u00f2 ch\u01a1i n\u00e0o h\u1ea5p d\u1eabn v\u00e0 t\u1ef7 l\u1ec7 th\u01b0\u1edfng ra sao?<\/span><\/p>\n<h2><b>Gi\u1edbi thi\u1ec7u s\u01a1 l\u01b0\u1ee3c v\u1ec1 nh\u00e0 c\u00e1i XX88<\/b><\/h2>\n<p><span style=\"font-weight: 400;\">XX88 l\u00e0 nh\u00e0 c\u00e1i tr\u1ef1c tuy\u1ebfn chuy\u00ean cung c\u1ea5p c\u00e1c d\u1ecbch v\u1ee5 c\u00e1 c\u01b0\u1ee3c v\u00e0 gi\u1ea3i tr\u00ed online. Th\u01b0\u01a1ng hi\u1ec7u ch\u00ednh th\u1ee9c ra m\u1eaft th\u1ecb tr\u01b0\u1eddng v\u00e0o kho\u1ea3ng n\u0103m 2020. Ch\u1ec9 trong m\u1ed9t th\u1eddi gian ng\u1eafn, \u0111\u01a1n v\u1ecb \u0111\u00e3 nhanh ch\u00f3ng m\u1edf r\u1ed9ng quy m\u00f4 ho\u1ea1t \u0111\u1ed9ng t\u1ea1i khu v\u1ef1c ch\u00e2u \u00c1. Hi\u1ec7n t\u1ea1i, h\u1ec7 th\u1ed1ng ghi nh\u1eadn h\u01a1n 2 tri\u1ec7u t\u00e0i kho\u1ea3n \u0111\u0103ng k\u00fd h\u1ee3p l\u1ec7.<\/span><\/p>\n<p><span style=\"font-weight: 400;\">Nh\u00e0 c\u00e1i mang \u0111\u1ebfn h\u00e0ng lo\u1ea1t s\u1ea3n ph\u1ea9m \u0111a d\u1ea1ng cho kh\u00e1ch h\u00e0ng tr\u1ea3i nghi\u1ec7m. B\u1ea1n c\u00f3 th\u1ec3 tham gia casino, th\u1ec3 thao, slot game, \u0111\u00e1 g\u00e0, hay b\u1eafn c\u00e1 v\u1edbi ch\u1ea5t l\u01b0\u1ee3ng cao nh\u1ea5t. T\u1ef7 l\u1ec7 tr\u1ea3 th\u01b0\u1edfng trung b\u00ecnh t\u1ea1i \u0111\u00e2y v\u00f4 c\u00f9ng h\u1ea5p d\u1eabn, dao \u0111\u1ed9ng t\u1eeb 95% \u0111\u1ebfn 98%.<\/span><\/p>\n<p><span style=\"font-weight: 400;\">Th\u01b0\u01a1ng hi\u1ec7u x\u00f3a tan m\u1ecdi tr\u1edf ng\u1ea1i v\u1edbi d\u1ecbch v\u1ee5 ch\u0103m s\u00f3c kh\u00e1ch h\u00e0ng t\u1eadn t\u00e2m, ho\u1ea1t \u0111\u1ed9ng xuy\u00ean su\u1ed1t 365 ng\u00e0y. T\u1ed1c \u0111\u1ed9 giao d\u1ecbch n\u1ea1p r\u00fat ti\u1ec1n c\u1ef1c k\u1ef3 nhanh ch\u00f3ng, ch\u1ec9 m\u1ea5t kho\u1ea3ng 3 \u0111\u1ebfn 10 ph\u00fat. H\u1ec7 th\u1ed1ng \u00e1p d\u1ee5ng c\u00f4ng ngh\u1ec7 b\u1ea3o m\u1eadt SSL 128-256bit v\u00f4 c\u00f9ng an to\u00e0n.<\/span><\/p>\n<figure id=\"attachment_108\" aria-describedby=\"caption-attachment-108\" style=\"width: 800px\" class=\"wp-caption aligncenter\"><img loading=\"lazy\" decoding=\"async\" class=\"wp-image-108 size-full\" src=\"https:\/\/xx88.mobile\/wp-content\/uploads\/2026\/04\/2.jpg\" alt=\"Qu\u00e1 tr\u00ecnh ph\u00e1t tri\u1ec3n \u0111\u1ea7y \u1ea5n t\u01b0\u1ee3ng c\u1ee7a nh\u00e0 c\u00e1i tr\u1ef1c tuy\u1ebfn\" width=\"800\" height=\"400\" srcset=\"https:\/\/xx88.mobile\/wp-content\/uploads\/2026\/04\/2.jpg 800w, https:\/\/xx88.mobile\/wp-content\/uploads\/2026\/04\/2-300x150.jpg 300w, https:\/\/xx88.mobile\/wp-content\/uploads\/2026\/04\/2-768x384.jpg 768w\" sizes=\"auto, (max-width: 800px) 100vw, 800px\" \/><figcaption id=\"caption-attachment-108\" class=\"wp-caption-text\">Qu\u00e1 tr\u00ecnh ph\u00e1t tri\u1ec3n \u0111\u1ea7y \u1ea5n t\u01b0\u1ee3ng c\u1ee7a nh\u00e0 c\u00e1i tr\u1ef1c tuy\u1ebfn<\/figcaption><\/figure>\n<h2><b>Kh\u00e1m ph\u00e1 h\u1ec7 sinh th\u00e1i gi\u1ea3i tr\u00ed \u0111ang c\u00f3 m\u1eb7t t\u1ea1i XX88<\/b><\/h2>\n<p><span style=\"font-weight: 400;\">\u0110\u01a1n v\u1ecb s\u1edf h\u1eefu m\u1ed9t kho t\u00e0ng tr\u00f2 ch\u01a1i v\u00f4 c\u00f9ng phong ph\u00fa, ch\u1ea5t l\u01b0\u1ee3ng. M\u1ecdi s\u1ea3nh c\u01b0\u1ee3c \u0111\u1ec1u \u0111\u01b0\u1ee3c nh\u00e0 ph\u00e1t h\u00e0nh \u0111\u1ea7u t\u01b0 k\u1ef9 l\u01b0\u1ee1ng v\u1ec1 m\u1eb7t h\u00ecnh \u1ea3nh l\u1eabn \u00e2m thanh.<\/span><\/p>\n<h3><b>C\u00e1 c\u01b0\u1ee3c th\u1ec3 thao si\u00eau cu\u1ed1n<\/b><\/h3>\n<p><span style=\"font-weight: 400;\">Khu v\u1ef1c n\u00e0y mang \u0111\u1ebfn kh\u00f4ng kh\u00ed s\u00f4i \u0111\u1ed9ng v\u1edbi h\u01a1n 30 gi\u1ea3i \u0111\u1ea5u l\u1edbn nh\u1ecf to\u00e0n c\u1ea7u. Kh\u00e1ch h\u00e0ng c\u00f3 th\u1ec3 th\u1ecfa s\u1ee9c theo d\u00f5i Ngo\u1ea1i h\u1ea1ng Anh, C\u00fap C1, World Cup. XX88 cung c\u1ea5p v\u00f4 s\u1ed1 lo\u1ea1i k\u00e8o \u0111a d\u1ea1ng \u0111\u1ec3 b\u1ea1n tho\u1ea3i m\u00e1i \u0111\u01b0a ra l\u1ef1a ch\u1ecdn. T\u1ef7 l\u1ec7 k\u00e8o \u0111\u01b0\u1ee3c h\u1ec7 th\u1ed1ng \u0111i\u1ec1u ch\u1ec9nh theo th\u1eddi gian th\u1ef1c r\u1ea5t ch\u00ednh x\u00e1c.<\/span><\/p>\n<h3><b>Casino tr\u1ef1c tuy\u1ebfn ch\u00e2n th\u1ef1c<\/b><\/h3>\n<p><span style=\"font-weight: 400;\">S\u1ea3nh b\u00e0i XX88 thu h\u00fat \u0111\u00f4ng \u0111\u1ea3o th\u00e0nh vi\u00ean nh\u1edd kh\u00f4ng gian sang tr\u1ecdng v\u00e0 chuy\u00ean nghi\u1ec7p. Ng\u01b0\u1eddi ch\u01a1i t\u00ecm th\u1ea5y c\u00e1c t\u1ef1a game kinh \u0111i\u1ec3n nh\u01b0 Baccarat, Blackjack, Roulette, Dragon Tiger, Sicbo, T\u00e0i X\u1ec9u,.. M\u1ecdi b\u00e0n ch\u01a1i \u0111\u1ec1u \u0111\u01b0\u1ee3c ph\u00e1t s\u00f3ng tr\u1ef1c ti\u1ebfp c\u00f9ng d\u00e0n dealer ng\u01b0\u1eddi th\u1eadt v\u00f4 c\u00f9ng xinh \u0111\u1eb9p.<\/span><\/p>\n<table>\n<tbody>\n<tr>\n<td><b>Game<\/b><\/td>\n<td><b>Lu\u1eadt ch\u01a1i<\/b><\/td>\n<td><b>\u0110\u1ed9 kh\u00f3<\/b><\/td>\n<\/tr>\n<tr>\n<td><span style=\"font-weight: 400;\">Baccarat<\/span><\/td>\n<td><span style=\"font-weight: 400;\">So \u0111i\u1ec3m Banker\/Player<\/span><\/td>\n<td><span style=\"font-weight: 400;\">D\u1ec5<\/span><\/td>\n<\/tr>\n<tr>\n<td><span style=\"font-weight: 400;\">Blackjack<\/span><\/td>\n<td><span style=\"font-weight: 400;\">G\u1ea7n 21 \u0111i\u1ec3m nh\u1ea5t<\/span><\/td>\n<td><span style=\"font-weight: 400;\">Trung b\u00ecnh<\/span><\/td>\n<\/tr>\n<tr>\n<td><span style=\"font-weight: 400;\">Roulette<\/span><\/td>\n<td><span style=\"font-weight: 400;\">D\u1ef1 \u0111o\u00e1n s\u1ed1<\/span><\/td>\n<td><span style=\"font-weight: 400;\">D\u1ec5<\/span><\/td>\n<\/tr>\n<\/tbody>\n<\/table>\n<h3><b>N\u1ed5 H\u0169 XX88 si\u00eau h\u1ea5p d\u1eabn<\/b><\/h3>\n<p><span style=\"font-weight: 400;\">Kho t\u00e0ng Slot Game quy t\u1ee5 h\u01a1n 200 si\u00eau ph\u1ea9m t\u1eeb nhi\u1ec1u nh\u00e0 ph\u00e1t h\u00e0nh. T\u1ea1i XX 88, b\u1ea1n c\u00f3 th\u1ec3 t\u1ef1 do kh\u00e1m ph\u00e1 c\u00e1c ch\u1ee7 \u0111\u1ec1 \u0111\u1ed9c \u0111\u00e1o v\u1edbi t\u1ef7 l\u1ec7 th\u1eafng trung b\u00ecnh 95-97%. M\u1ed7i t\u1ef1a game \u0111\u1ec1u s\u1edf h\u1eefu thi\u1ebft k\u1ebf \u0111\u1ed3 h\u1ecda \u0111\u1eb9p m\u1eaft v\u00e0 \u00e2m thanh v\u00f4 c\u00f9ng s\u1ed1ng \u0111\u1ed9ng. \u0110\u1eb7c bi\u1ec7t, qu\u1ef9 th\u01b0\u1edfng jackpot t\u00edch l\u0169y li\u00ean t\u1ee5c mang \u0111\u1ebfn c\u01a1 h\u1ed9i l\u00e0m gi\u00e0u c\u1ef1c k\u1ef3 nhanh ch\u00f3ng.<\/span><\/p>\n<figure id=\"attachment_109\" aria-describedby=\"caption-attachment-109\" style=\"width: 800px\" class=\"wp-caption aligncenter\"><img loading=\"lazy\" decoding=\"async\" class=\"size-full wp-image-109\" src=\"https:\/\/xx88.mobile\/wp-content\/uploads\/2026\/04\/3.jpg\" alt=\"XX88 s\u1edf h\u1eefu kho game gi\u1ea3i tr\u00ed kh\u1ed5ng l\u1ed3 v\u1edbi \u0111a d\u1ea1ng c\u00e1c th\u1ec3 lo\u1ea1i\" width=\"800\" height=\"400\" srcset=\"https:\/\/xx88.mobile\/wp-content\/uploads\/2026\/04\/3.jpg 800w, https:\/\/xx88.mobile\/wp-content\/uploads\/2026\/04\/3-300x150.jpg 300w, https:\/\/xx88.mobile\/wp-content\/uploads\/2026\/04\/3-768x384.jpg 768w\" sizes=\"auto, (max-width: 800px) 100vw, 800px\" \/><figcaption id=\"caption-attachment-109\" class=\"wp-caption-text\">XX88 s\u1edf h\u1eefu kho game gi\u1ea3i tr\u00ed kh\u1ed5ng l\u1ed3 v\u1edbi \u0111a d\u1ea1ng c\u00e1c th\u1ec3 lo\u1ea1i<\/figcaption><\/figure>\n<table>\n<tbody>\n<tr>\n<td><b>T\u00ean game<\/b><\/td>\n<td><b>Nh\u00e0 ph\u00e1t h\u00e0nh<\/b><\/td>\n<td><b>\u0110\u1eb7c \u0111i\u1ec3m n\u1ed5i b\u1eadt<\/b><\/td>\n<\/tr>\n<tr>\n<td><span style=\"font-weight: 400;\">Sweet Bonanza<\/span><\/td>\n<td rowspan=\"4\"><span style=\"font-weight: 400;\">Pragmatic Play<\/span><\/td>\n<td><span style=\"font-weight: 400;\">N\u1ed5 h\u0169, nhi\u1ec1u free spin<\/span><\/td>\n<\/tr>\n<tr>\n<td><span style=\"font-weight: 400;\">Gates of Olympus<\/span><\/td>\n<td><span style=\"font-weight: 400;\">Nh\u00e2n th\u01b0\u1edfng cao (x500)<\/span><\/td>\n<\/tr>\n<tr>\n<td><span style=\"font-weight: 400;\">Starlight Princess<\/span><\/td>\n<td><span style=\"font-weight: 400;\">C\u01a1 ch\u1ebf gi\u1ed1ng Gates<\/span><\/td>\n<\/tr>\n<tr>\n<td><span style=\"font-weight: 400;\">Wild West Gold<\/span><\/td>\n<td><span style=\"font-weight: 400;\">Free spin d\u1ec5 tr\u00fang<\/span><\/td>\n<\/tr>\n<tr>\n<td><span style=\"font-weight: 400;\">Fortune Tiger<\/span><\/td>\n<td rowspan=\"2\"><span style=\"font-weight: 400;\">PG Soft<\/span><\/td>\n<td><span style=\"font-weight: 400;\">Game hot ch\u00e2u \u00c1<\/span><\/td>\n<\/tr>\n<tr>\n<td><span style=\"font-weight: 400;\">Mahjong Ways<\/span><\/td>\n<td><span style=\"font-weight: 400;\">Ch\u1ee7 \u0111\u1ec1 \u00c1 \u0110\u00f4ng<\/span><\/td>\n<\/tr>\n<\/tbody>\n<\/table>\n<h3><b>Th\u1ebf gi\u1edbi b\u1eafn c\u00e1 \u0111\u1ed5i th\u01b0\u1edfng sinh \u0111\u1ed9ng<\/b><\/h3>\n<p><span style=\"font-weight: 400;\">Khu v\u1ef1c \u0111\u1ea1i d\u01b0\u01a1ng xanh mang \u0111\u1ebfn cho h\u1ed9i vi\u00ean nh\u1eefng gi\u00e2y ph\u00fat th\u01b0 gi\u00e3n tuy\u1ec7t v\u1eddi. Nh\u00e0 c\u00e1i XX88 ph\u00e2n chia th\u00e0nh nhi\u1ec1u ph\u00f2ng ch\u01a1i v\u1edbi c\u00e1c c\u1ea5p \u0111\u1ed9 kh\u00e1c nhau cho b\u1ea1n ch\u1ecdn l\u1ef1a. T\u1ef7 l\u1ec7 tr\u1ea3 th\u01b0\u1edfng t\u1ea1i \u0111\u00e2y c\u1ef1c k\u1ef3 h\u1ea5p d\u1eabn v\u00e0 r\u1ea5t d\u1ec5 l\u00e0m quen cho ng\u01b0\u1eddi m\u1edbi. Hi\u1ec7u \u1ee9ng \u0111\u1ed3 h\u1ecda 3D m\u01b0\u1ee3t m\u00e0, t\u00e1i hi\u1ec7n tr\u1ecdn v\u1eb9n c\u1ea3nh s\u1eafc d\u01b0\u1edbi l\u00f2ng bi\u1ec3n s\u00e2u.<\/span><\/p>\n<table>\n<tbody>\n<tr>\n<td><b>C\u1ea5p \u0111\u1ed9<\/b><\/td>\n<td><b>M\u1ee9c c\u01b0\u1ee3c<\/b><\/td>\n<td><b>Ph\u00f9 h\u1ee3p<\/b><\/td>\n<\/tr>\n<tr>\n<td><span style=\"font-weight: 400;\">Th\u1ea5p<\/span><\/td>\n<td><span style=\"font-weight: 400;\">1K &#8211; 10K<\/span><\/td>\n<td><span style=\"font-weight: 400;\">T\u00e2n th\u1ee7<\/span><\/td>\n<\/tr>\n<tr>\n<td><span style=\"font-weight: 400;\">Trung<\/span><\/td>\n<td><span style=\"font-weight: 400;\">10K &#8211; 100K<\/span><\/td>\n<td><span style=\"font-weight: 400;\">Ng\u01b0\u1eddi ch\u01a1i th\u01b0\u1eddng<\/span><\/td>\n<\/tr>\n<tr>\n<td><span style=\"font-weight: 400;\">Cao<\/span><\/td>\n<td><span style=\"font-weight: 400;\">&gt;100K<\/span><\/td>\n<td><span style=\"font-weight: 400;\">Ng\u01b0\u1eddi ch\u01a1i kinh nghi\u1ec7m<\/span><\/td>\n<\/tr>\n<\/tbody>\n<\/table>\n<h3><b>S\u1edbi g\u00e0 tr\u1ef1c tuy\u1ebfn \u0111\u1eb3ng c\u1ea5p<\/b><\/h3>\n<p><span style=\"font-weight: 400;\">N\u1ebfu \u0111am m\u00ea s\u1ef1 k\u1ecbch t\u00ednh, b\u1ea1n tuy\u1ec7t \u0111\u1ed1i \u0111\u1eebng b\u1ecf qua chuy\u00ean m\u1ee5c \u0111\u00e1 g\u00e0. C\u00e1c tr\u1eadn \u0111\u1ea5u \u0111\u01b0\u1ee3c ph\u00e1t s\u00f3ng tr\u1ef1c ti\u1ebfp v\u1edbi ch\u1ea5t l\u01b0\u1ee3ng Full HD t\u1eeb nhi\u1ec1u tr\u01b0\u1eddng g\u00e0 qu\u1ed1c t\u1ebf. Kh\u00e1n gi\u1ea3 c\u00f3 th\u1ec3 theo d\u00f5i t\u1eebng \u0111\u00f2n \u0111\u00e1nh s\u1eafc n\u00e9t c\u1ee7a c\u00e1c chi\u1ebfn k\u00ea l\u1eebng danh. T\u1ef7 l\u1ec7 c\u01b0\u1ee3c lu\u00f4n \u0111\u01b0\u1ee3c h\u1ec7 th\u1ed1ng c\u00f4ng khai minh b\u1ea1ch v\u00e0 c\u1eadp nh\u1eadt li\u00ean t\u1ee5c v\u00f4 c\u00f9ng nhanh ch\u00f3ng.<\/span><\/p>\n<h2><b>T\u1ed5ng h\u1ee3p c\u00e1c ch\u01b0\u01a1ng tr\u00ecnh khuy\u1ebfn m\u00e3i t\u1ea1i XX88<\/b><\/h2>\n<p><span style=\"font-weight: 400;\">Nh\u00e0 c\u00e1i lu\u00f4n bi\u1ebft c\u00e1ch chi\u1ec1u l\u00f2ng kh\u00e1ch h\u00e0ng th\u00f4ng qua nh\u1eefng s\u1ef1 ki\u1ec7n \u01b0u \u0111\u00e3i c\u1ef1c kh\u1ee7ng. C\u00e1c g\u00f3i qu\u00e0 t\u1eb7ng \u0111\u01b0\u1ee3c c\u1eadp nh\u1eadt th\u01b0\u1eddng xuy\u00ean nh\u1eb1m gia t\u0103ng ngu\u1ed3n v\u1ed1n cho t\u1ea5t c\u1ea3 th\u00e0nh vi\u00ean.<\/span><\/p>\n<figure id=\"attachment_110\" aria-describedby=\"caption-attachment-110\" style=\"width: 800px\" class=\"wp-caption aligncenter\"><img loading=\"lazy\" decoding=\"async\" class=\"size-full wp-image-110\" src=\"https:\/\/xx88.mobile\/wp-content\/uploads\/2026\/04\/4.jpg\" alt=\"XX88 tung ra h\u00e0ng lo\u1ea1t m\u00e3 code tri \u00e2n kh\u00e1ch h\u00e0ng\" width=\"800\" height=\"400\" srcset=\"https:\/\/xx88.mobile\/wp-content\/uploads\/2026\/04\/4.jpg 800w, https:\/\/xx88.mobile\/wp-content\/uploads\/2026\/04\/4-300x150.jpg 300w, https:\/\/xx88.mobile\/wp-content\/uploads\/2026\/04\/4-768x384.jpg 768w\" sizes=\"auto, (max-width: 800px) 100vw, 800px\" \/><figcaption id=\"caption-attachment-110\" class=\"wp-caption-text\">XX88 tung ra h\u00e0ng lo\u1ea1t m\u00e3 code tri \u00e2n kh\u00e1ch h\u00e0ng<\/figcaption><\/figure>\n<ul>\n<li style=\"font-weight: 400;\" aria-level=\"1\"><span style=\"font-weight: 400;\">Th\u01b0\u1edfng ch\u00e0o m\u1eebng 100% gi\u00e1 tr\u1ecb n\u1ea1p \u0111\u1ea7u v\u1edbi m\u1ee9c \u01b0u \u0111\u00e3i t\u1ed1i \u0111a l\u00ean \u0111\u1ebfn 5,000,000 VND.<\/span><\/li>\n<li style=\"font-weight: 400;\" aria-level=\"1\"><span style=\"font-weight: 400;\">Ho\u00e0n ti\u1ec1n m\u1ed7i ng\u00e0y t\u1eeb 1% \u0111\u1ebfn 2% v\u00e0 kh\u00f4ng b\u1ecb gi\u1edbi h\u1ea1n m\u1ee9c nh\u1eadn.<\/span><\/li>\n<li style=\"font-weight: 400;\" aria-level=\"1\"><span style=\"font-weight: 400;\">Th\u01b0\u1edfng n\u1ea1p l\u1ea1i h\u00e0ng tu\u1ea7n l\u00ean \u0111\u1ebfn 50% gi\u00fap kh\u00e1ch h\u00e0ng c\u00f3 th\u00eam t\u00e0i ch\u00ednh \u0111\u1ec3 ti\u1ebfp t\u1ee5c gi\u1ea3i tr\u00ed.<\/span><\/li>\n<li style=\"font-weight: 400;\" aria-level=\"1\"><span style=\"font-weight: 400;\">T\u1eb7ng code khuy\u1ebfn m\u00e3i \u0111\u1ecbnh k\u1ef3 d\u00e0nh cho th\u00e0nh vi\u00ean g\u1eafn b\u00f3 l\u00e2u d\u00e0i v\u1edbi XX88.<\/span><\/li>\n<li style=\"font-weight: 400;\" aria-level=\"1\"><span style=\"font-weight: 400;\">Th\u01b0\u1edfng VIP theo t\u1eebng c\u1ea5p \u0111\u1ed9, b\u1eadc c\u00e0ng cao th\u00ec t\u1ef7 l\u1ec7 ho\u00e0n ti\u1ec1n c\u00e0ng l\u1edbn.<\/span><\/li>\n<li style=\"font-weight: 400;\" aria-level=\"1\"><span style=\"font-weight: 400;\">T\u1ed5 ch\u1ee9c chu\u1ed7i s\u1ef1 ki\u1ec7n quy m\u00f4 l\u1edbn theo m\u00f9a nh\u01b0 World Cup, Euro, c\u00e1c d\u1ecbp l\u1ec5 T\u1ebft.<\/span><\/li>\n<li style=\"font-weight: 400;\" aria-level=\"1\"><span style=\"font-weight: 400;\">Nh\u00e0 c\u00e1i cung c\u1ea5p nhi\u1ec1u mini game quay s\u1ed1 tr\u00fang th\u01b0\u1edfng v\u1edbi ph\u1ea7n qu\u00e0 hi\u1ec7n v\u1eadt v\u00f4 c\u00f9ng gi\u00e1 tr\u1ecb.<\/span><\/li>\n<\/ul>\n<h2><b>K\u1ebft lu\u1eadn<\/b><\/h2>\n<p><span style=\"font-weight: 400;\">T\u00f3m l\u1ea1i, XX88 th\u1ef1c s\u1ef1 l\u00e0 l\u1ef1a ch\u1ecdn ho\u00e0n h\u1ea3o d\u00e0nh cho nh\u1eefng h\u1ed9i vi\u00ean \u0111am m\u00ea gi\u1ea3i tr\u00ed. H\u1ec7 th\u1ed1ng mang \u0111\u1ebfn kho game \u0111\u1ed3 s\u1ed9, h\u1ec7 th\u1ed1ng b\u1ea3o m\u1eadt an to\u00e0n c\u00f9ng h\u00e0ng lo\u1ea1t \u01b0u \u0111\u00e3i si\u00eau kh\u1ee7ng. H\u00e3y nhanh tay \u0111\u0103ng k\u00fd t\u00e0i kho\u1ea3n t\u1ea1i \u0111\u01a1n v\u1ecb ngay h\u00f4m nay \u0111\u1ec3 kh\u00f4ng b\u1ecf l\u1ee1 nh\u1eefng ph\u1ea7n qu\u00e0 h\u1ea5p d\u1eabn.<\/span><\/p>\n","protected":false},"excerpt":{"rendered":"<p>XX88 &#8211; \u0110\u00e1nh Gi\u00e1 Chi Ti\u1ebft V\u1ec1 Th\u01b0\u01a1ng Hi\u1ec7u Gi\u1ea3i Tr\u00ed Top 1 XX88 \u0111ang tr\u1edf th\u00e0nh t\u00e2m \u0111i\u1ec3m ch\u00fa \u00fd tr\u00ean th\u1ecb tr\u01b0\u1eddng gi\u1ea3i tr\u00ed tr\u1ef1c tuy\u1ebfn ch\u00e2u \u00c1 hi\u1ec7n nay. S\u1ed1 l\u01b0\u1ee3ng ng\u01b0\u1eddi \u0111\u0103ng k\u00fd tham gia n\u1ec1n t\u1ea3ng ng\u00e0y c\u00e0ng t\u0103ng cao nh\u1edd ch\u1ea5t l\u01b0\u1ee3ng d\u1ecbch v\u1ee5 v\u01b0\u1ee3t tr\u1ed9i. Tuy nhi\u00ean, nhi\u1ec1u [&#8230;]\n","protected":false},"author":1,"featured_media":107,"parent":0,"menu_order":0,"comment_status":"closed","ping_status":"closed","template":"page-blank.php","meta":{"footnotes":""},"class_list":["post-14","page","type-page","status-publish","has-post-thumbnail","hentry"],"_links":{"self":[{"href":"https:\/\/xx88.mobile\/wp-json\/wp\/v2\/pages\/14","targetHints":{"allow":["GET"]}}],"collection":[{"href":"https:\/\/xx88.mobile\/wp-json\/wp\/v2\/pages"}],"about":[{"href":"https:\/\/xx88.mobile\/wp-json\/wp\/v2\/types\/page"}],"author":[{"embeddable":true,"href":"https:\/\/xx88.mobile\/wp-json\/wp\/v2\/users\/1"}],"replies":[{"embeddable":true,"href":"https:\/\/xx88.mobile\/wp-json\/wp\/v2\/comments?post=14"}],"version-history":[{"count":4,"href":"https:\/\/xx88.mobile\/wp-json\/wp\/v2\/pages\/14\/revisions"}],"predecessor-version":[{"id":112,"href":"https:\/\/xx88.mobile\/wp-json\/wp\/v2\/pages\/14\/revisions\/112"}],"wp:featuredmedia":[{"embeddable":true,"href":"https:\/\/xx88.mobile\/wp-json\/wp\/v2\/media\/107"}],"wp:attachment":[{"href":"https:\/\/xx88.mobile\/wp-json\/wp\/v2\/media?parent=14"}],"curies":[{"name":"wp","href":"https:\/\/api.w.org\/{rel}","templated":true}]}}